hat is the hundred thousands digit of 830994?
8
What is the ten thousands digit of 7903409?
0
What is the hundreds digit of 2691467?
4
What is the tens digit of 1821162?
6
What is the ten thousands digit of 631772?
3
What is the hundreds digit of 2124915?
9
What is the tens digit of 483795?
9
What is the units digit of 8173468?
8
What is the ten thousands digit of 440178?
4
What is the thousands digit of 1186095?
6
What is the units digit of 1722838?
8
What is the thousands digit of 697571?
7
What is the millions digit of 2960326?
2
What is the ten thousands digit of 140861?
4
What is the millions digit of 1105122?
1
What is the hundred thousands digit of 966523?
9
What is the thousands digit of 11375802?
5
What is the hundred thousands digit of 159474?
1
What is the tens digit of 22921?
2
What is the millions digit of 10338233?
0
What is the units digit of 86653?
3
What is the millions digit of 2451888?
2
What is the thousands digit of 36920634?
0
What is the hundreds digit of 85940?
9
What is the ten thousands digit of 188237?
8
What is the hundreds digit of 684657?
6
What is the hundreds digit of 26585?
5
What is the units digit of 1947450?
0
What is the thousands digit of 672596?
2
What is the hundred thousands digit of 1469357?
4
What is the hundred thousands digit of 540037?
5
What is the ten thousands digit of 2907082?
0
What is the units digit of 370875?
5
What is the millions digit of 9016995?
9
What is the millions digit of 1304001?
1
What is the tens digit of 261886?
8
What is the tens digit of 8106791?
9
What is the ten thousands digit of 2729143?
2
What is the millions digit of 2674415?
2
What is the hundred thousands digit of 12029474?
0
What is the tens digit of 10324120?
2
What is the hundreds digit of 286330?
3
What is the ten thousands digit of 3945637?
4
What is the ten thousands digit of 1857453?
5
What is the hundred thousands digit of 2875395?
8
What is the thousands digit of 14421304?
1
What is the hundreds digit of 327815?
8
What is the hundreds digit of 1041297?
2
What is the hundreds digit of 132441?
4
What is the hundred thousands digit of 259820?
2
What is the thousands digit of 466777?
6
What is the thousands digit of 2008341?
8
What is the millions digit of 2295106?
2
What is the ten thousands digit of 582538?
8
What is the millions digit of 11637865?
1
What is the tens digit of 2413468?
6
What is the tens digit of 5848633?
3
What is the units digit of 123532?
2
What is the ten millions digit of 26786453?
2
What is the thousands digit of 279324?
9
What is the units digit of 22560944?
4
What is the tens digit of 953266?
6
What is the ten thousands digit of 107380?
0
What is the hundred thousands digit of 3728813?
7
What is the tens digit of 8209845?
4
What is the tens digit of 6294742?
4
What is the hundreds digit of 331191?
1
What is the ten thousands digit of 5499805?
9
What is the hundreds digit of 2888971?
9
What is the thousands digit of 20817?
0
What is the ten thousands digit of 310745?
1
What is the thousands digit of 15695?
5
What is the units digit of 3950606?
6
What is the units digit of 2682373?
3
What is the units digit of 9570671?
1
What is the hundred thousands digit of 1851207?
8
What is the millions digit of 4348009?
4
What is the hundreds digit of 227010?
0
What is the units digit of 1104550?
0
What is the hundred thousands digit of 184958?
1
What is the ten thousands digit of 846468?
4
What is the ten thousands digit of 903299?
0
What is the ten millions digit of 22918207?
2
What is the millions digit of 10317566?
0
What is the tens digit of 9850312?
1
What is the hundred thousands digit of 12794240?
7
What is the thousands digit of 5743830?
3
What is the thousands digit of 1158989?
8
What is the units digit of 91259?
9
What is the hundred thousands digit of 4070940?
0
What is the hundred thousands digit of 1621510?
6
What is the tens digit of 2330542?
4
What is the units digit of 17266686?
6
What is the ten thousands digit of 3540577?
4
What is the hundred thousands digit of 11476284?
4
What is the hundred thousands digit of 429759?
4
What is the thousands digit of 205045?
5
What is the tens digit of 1839083?
8
What is the ten thousands digit of 187490?
8
What is the units digit of 1658680?
0
What is the units digit of 220132?
2
What is the units digit of 850219?
9
What is the millions digit of 3071360?
3
What is the millions digit of 1626603?
1
What is the millions digit of 13215920?
3
What is the thousands digit of 134145?
4
What is the thousands digit of 298001?
8
What is the units digit of 368960?
0
What is the hundreds digit of 6431338?
3
What is the thousands digit of 204269?
4
What is the hundreds digit of 163210?
2
What is the hundreds digit of 271364?
3
What is the tens digit of 1015553?
5
What is the millions digit of 1047351?
1
What is the hundreds digit of 94058?
0
What is the thousands digit of 544904?
4
What is the tens digit of 1224600?
0
What is the ten thousands digit of 3618021?
1
What is the units digit of 414709?
9
What is the hundreds digit of 451354?
3
What is the ten millions digit of 10335768?
1
What is the tens digit of 600247?
4
What is the thousands digit of 23058?
3
What is the ten thousands digit of 1981413?
8
What is the tens digit of 1220326?
2
What is the hundreds digit of 773964?
9
What is the millions digit of 11191196?
1
What is the ten thousands digit of 1530326?
3
What is the tens digit of 6516994?
9
What is the tens digit of 2636425?
2
What is the ten thousands digit of 690982?
9
What is the hundreds digit of 14747878?
8
What is the tens digit of 197768?
6
What is the tens digit of 7619124?
2
What is the tens digit of 476951?
5
What is the hundred thousands digit of 1421686?
4
What is the thousands digit of 243024?
3
What is the thousands digit of 4921617?
1
What is the tens digit of 18731703?
0
What is the ten millions digit of 11992661?
1
What is the hundreds digit of 1419971?
9
What is the tens digit of 21168142?
4
What is the hundreds digit of 14510478?
4
What is the units digit of 241645?
5
What is the hundred thousands digit of 19003337?
0
What is the thousands digit of 775973?
5
What is the thousands digit of 224017?
4
What is the hundred thousands digit of 456274?
4
What is the units digit of 4021461?
1
What is the tens digit of 107222?
2
What is the units digit of 25892127?
7
What is the units digit of 1330290?
0
What is the thousands digit of 187994?
7
What is the hundred thousands digit of 7738473?
7
What is the hundred thousands digit of 4440413?
4
What is the hundreds digit of 994873?
8
What is the ten thousands digit of 1376183?
7
What is the hundred thousands digit of 3056716?
0
What is the thousands digit of 794842?
4
What is the thousands digit of 53474?
3
What is the units digit of 144686?
6
What is the units digit of 890734?
4
What is the hundred thousands digit of 18085997?
0
What is the ten millions digit of 11921843?
1
What is the units digit of 4472453?
3
What is the thousands digit of 178715?
8
What is the thousands digit of 14892062?
2
What is the units digit of 1289248?
8
What is the hundreds digit of 1998729?
7
What is the tens digit of 63675?
7
What is the hundreds digit of 10740784?
7
What is the tens digit of 16581021?
2
What is the millions digit of 1584422?
1
What is the tens digit of 447723?
2
What is the ten thousands digit of 219127?
1
What is the hundred thousands digit of 8032381?
0
What is the hundreds digit of 924239?
2
What is the units digit of 24137637?
7
What is the tens digit of 191462?
6
What is the ten millions digit of 19484265?
1
What is the units digit of 1681588?
8
What is the tens digit of 337728?
2
What is the hundred thousands digit of 152585?
1
What is the hundred thousands digit of 1948435?
9
What is the units digit of 29703?
3
What is the tens digit of 22363367?
6
What is the hundred thousands digit of 1388495?
3
What is the tens digit of 224258?
5
What is the units digit of 20748?
8
What is the ten thousands digit of 140114?
4
What is the hundred thousands digit of 1234999?
2
What is the hundred thousands digit of 126082?
1
What is the tens digit of 19255953?
5
What is the millions digit of 8269624?
8
What is the tens digit of 426681?
8
What is the ten thousands digit of 581019?
8
What is the ten 